 4 is divided by k?
0
Let x be 2/(-7) - (-4)/14. Suppose 5*a + a - 408 = x. Calculate the remainder when a is divided by 4/(-14) + (-1778)/(-49).
32
Suppose -5*s - 5*p + 175 = 0, -2*s = -80*p + 83*p - 73. What is the remainder when 15772 is divided by s?
28
What is the remainder when 2415 is divided by (72 - 8) + 1*-1*2?
59
Let m be (0 - 1)*-32 - -1. Suppose 4*g + 4*w = 100, 0 = -3*g - 2*w - 8 + 81. What is the remainder when (10 - -2)/(6/m) is divided by g?
20
Let p(m) = 27*m + 136. Let w be p(13). Suppose 485*s + 48 = w*s. What is the remainder when 213 is divided by s?
21
What is the remainder when ((-1404)/24)/9*-1*8 is divided by 3?
1
Suppose 0 = 12*u - 3195 - 7677. What is the remainder when 115 is divided by u/30 - 1/5?
25
Suppose 0 = 4*y - 2*c - 148, -2*y + 52 = -4*c - 28. Suppose y = 2*h + h. What is the remainder when (-28)/(-2) + (4 + -13)*1 + 14 is divided by h?
7
Let q = -35335 - -35347. Suppose -2 = -2*n - 10. What is the remainder when q is divided by (-21)/1*n/12?
5
Suppose -2*l + 38 = 24. Suppose -l*a - a + 16 = 0. Suppose -2*j + 4*k = -30, 2*k = a*j - 0*k - 30. Calculate the remainder when j is divided by 6.
3
Suppose -r + 3*z = -7, 0 = -0*z - 4*z - 12. Let j = -784 - -801. Calculate the remainder when (-2 - (86 - -4))/r is divided by j.
12
Let l = -91 - -119. Let f(a) = 19*a**2 + 5*a - 5. Calculate the remainder when f(2) is divided by l.
25
Let i(q) = 2*q**3 - 218*q**2 - 220*q + 116. Calculate the remainder when i(110) is divided by 95.
21
Let r(k) = -885*k**3 - k**2 + 4*k + 9. Let c be r(3). Calculate the remainder when c/(-63) + 6/(-63) is divided by 38.
37
Let u(k) = -k**2 + 5*k + 24. Let r be u(13). Let q = -78 - r. Suppose -2*a + 23 = 3*v, q*v - a - a - 32 = 0. What is the remainder when 51 is divided by v?
7
Let x = 1303 - 1203. Calculate the remainder when 401 is divided by x.
1
Let y = -584 - -835. Suppose 4*l = y + 13. Calculate the remainder when l is divided by 10.
6
Suppose 0 = k + k - 5*v - 106, 159 = 3*k - 5*v. Suppose -k = -3*o + 97. What is the remainder when o is divided by 1/(-4) - (-159)/12?
11
Let q = -3609 + 3623. Calculate the remainder when 615 is divided by q.
13
Suppose 1 = 4*o - 4*s - 3, 6 = 2*o - 4*s. Let j(m) = 7*m**2 + 1. Suppose -1538 = -49*f - 68. What is the remainder when f is divided by j(o)?
6
Let g = -196 + 199. Suppose 3*y - v - 154 = 4*v, 0 = -g*y - 5*v + 104. What is the remainder when y is divided by 28?
15
Let y be 36/(-198) - 651/(-11) - -4. Suppose -y = -3*t - 9. Calculate the remainder when 19 is divided by t.
1
Let t(m) = 2*m**3 - 11*m**2 + 2*m + 11. What is the remainder when t(8) is divided by 113?
8
What is the remainder when 606 is divided by 7*((-2)/6 - 8/(-6))?
4
Let d = -26171 - -26761. What is the remainder when d is divided by 122?
102
Suppose 0 = -12*a + 1473 - 1365. Calculate the remainder when 3669 is divided by a.
6
Let w(j) = -2*j**2 - 26*j - 42. Let i be w(-11). Suppose i*f - 1518 = -4*f. What is the remainder when f is divided by 32?
29
Suppose 16*v - 3778 = -31*v + 5058. Calculate the remainder when 538 is divided by v.
162
Suppose d - 162 - 362 - 121 = 0. Calculate the remainder when d is divided by 72.
69
Let r = -997 + 1000. Suppose -3*i - 69 = 3*s, 2*i - 20 + 72 = -4*s. What is the remainder when (-3)/((-42)/i)*-7 is divided by r?
1
Suppose -12*t - 8*t + 8190 = t. Calculate the remainder when t is divided by 9.
3
Let p = 53 - -44. Let n(v) = -v**3 - 17*v**2 + 123*v + 2101. Calculate the remainder when p is divided by n(-17).
7
Let y(v) = -60*v - 85. What is the remainder when 428 is divided by y(-4)?
118
Calculate the remainder when (-380)/(-16)*(39 + -35) is divided by 14.
11
Let a be (7 + -3 - 1) + -15. Let l = a - -14. What is the remainder when (-3 + 3 - l) + 1 - -27 is divided by 11?
4
Suppose 19380 = -63*s - 160*s + 451*s. Calculate the remainder when 3311 is divided by s.
81
Suppose 5*j = -3*j + 4368. What is the remainder when j is divided by 8?
2
Let p = -36 + 142. Let w = p - 59. Suppose -9 - w = -8*k. What is the remainder when 76 is divided by k?
6
Let h = 91 + -11. What is the remainder when 1117 is divided by h?
77
Let u(r) = r**2 - 3. Suppose 5*i - 309 = 2*k + 80, 5*i - 375 = -5*k. What is the remainder when i is divided by u(4)?
12
Let d(m) = m**2 + 289*m + 12526. What is the remainder when 4552 is divided by d(-53)?
16
Let i be (-1705)/25 + (-2)/(-10). Let c = 71 + i. Suppose 1 = -c*m - 5, a - 3*m = 21. What is the remainder when a is divided by 6?
3
Let c = 12465 + -12415. What is the remainder when 5346 is divided by c?
46
Let c = 158 + 48. Let q = c - 118. Suppose 3*b + 5*v = q + 3, 0 = 4*b - v - 152. What is the remainder when 183 is divided by b?
35
Suppose -15 = -2*l + 3*w - 28, 5*w = 3*l + 22. Calculate the remainder when 17/((l - -2)/3) is divided by 7.
3
Suppose -2*n + 4*k + 43 + 3 = 0, -5*n + 82 = k. Suppose -n = -5*j - 4*h + 50, 29 = 4*j - 5*h. Calculate the remainder when 96 is divided by j.
8
Suppose -180*a + 133*a + 9447 = 0. Calculate the remainder when a is divided by 24.
9
Suppose -6*k + 32 = -2*k. Let g(h) = 5*h - 18. Let j be 152/16 + 22/(-4) + 4. What is the remainder when g(j) is divided by k?
6
Suppose -2*t + 78 = 3*d - 38, -5*d = t - 65. Calculate the remainder when t is divided by -2 - -19 - (-1 - (-25)/5).
3
Let k(f) = f**2 + 28*f + 105. Let a be k(-24). Suppose -16 = -x - n, 11*x = a*x - n + 29. What is the remainder when 61 is divided by x?
9
Suppose -3*v - 2*k + 7323 = -1617, 5*k - 11934 = -4*v. Calculate the remainder when v is divided by 142.
136
Let p(i) = 283*i - 1650. Calculate the remainder when p(6) is divided by 44.
4
Suppose -5*g - 4 = -0*m - m, -2*m + 4*g + 14 = 0. Calculate the remainder when (1 + -51)*(-16)/10 is divided by m.
8
Let a = 430 - 253. Suppose -2*r - a = -571. Calculate the remainder when r is divided by 20.
17
Suppose 4*k + m = -0*m + 539, 644 = 5*k - 3*m. Calculate the remainder when 790 is divided by k.
125
Suppose 5*k = -2*b + 502, 0 = -50*k + 49*k - 5*b + 128. What is the remainder when 384 is divided by k?
90
Suppose -15*n - 26 = -176. What is the remainder when 36 is divided by 5/(55/n + -5)?
6
Suppose 438 = -2*r + y + 541, -5*r + 4*y = -265. What is the remainder when 206 is divided by r?
10
Suppose 14*x - 690 = -x. What is the remainder when x is divided by 25?
21
Let p(g) = 917*g + 171. Calculate the remainder when p(1) is divided by 121.
120
What is the remainder when 91 is divided by (106/(-8))/(19/(-76))?
38
Let o = -15283 - -16281. Calculate the remainder when o is divided by 154.
74
Let a be -7 - (5/15)/(2/(-84)). Let u be (-2*5)/((-4)/2). Suppose 108 = u*s - 2*y, -2*s + a*s - 111 = -y. What is the remainder when 39 is divided by s?
17
Let b(p) = 18*p**2 - p. Let n = -108 - -107. Calculate the remainder when 53 is divided by b(n).
15
Suppose -2*r - 4816 = -4*a, -509*r + 514*r - 2408 = -2*a. Calculate the remainder when 4818 is divided by a.
2
Suppose -8 = -10*z + 6*z. What is the remainder when -9 - -78 - (-4)/2*2 is divided by (z - 4) + (16 - 1)*1?
8
Suppose -2*p = 5*i - 755, -6*i = -4*p - 11*i + 1495. Suppose 2*q = 27 + 1. Calculate the remainder when (-19)/((-95)/p) + 7 is divided by q.
11
Let s be ((-20)/30)/(6/(-45)). Calculate the remainder when 251 is divided by -1*(2/(-2) - s).
5
Let h be (-142)/(-16) - 32/(-256). Suppose -h*u = -172 - 368. What is the remainder when 116 is divided by u?
56
Let y(h) = 10*h**2 + 75*h + 366. What is the remainder when y(-5) is divided by 124?
117
What is the remainder when ((-65)/(-455) - (-46)/(-28))*-66 is divided by 79?
20
Let q = -68 - -75. Let x be (q - 0/(-5)) + 0 + 1. What is the remainder when 136/x + (0 - 1) is divided by 3?
1
Suppose 5*b = -31*b - 3528. Let z = b - -196. Calculate the remainder when z is divided by 5.
3
Suppose -6*o + 5*j - 434 = -9*o, 0 = -4*o + j + 571. Calculate the remainder when o is divided by 21.
17
Calculate the remainder when 6/2 + 576/6 is divided by (-10)/(-1 - 434/35 - -13).
24
Let s(p) = p**2 - 136. Calculate the remainder when s(12) is divided by (-94)/(-18) + (-2)/9.
3
Let h(b) = 14*b**2 + 16*b + 16. Calculate the remainder when 425 is divided by h(-1).
5
Let m = 331 + 2570. Calculate the remainder when m is divided by 8.
5
Suppose 24*h = 4740 - 948. Let k(s) = s**2 - 32*s - 36. What is the 